*a - 7. Calculate the remainder when f(-1) is divided by k(g).
10
Suppose 0 = -11*a + 15*a - 44. Suppose 5*y + 2*b - 115 = 5*b, y - 3*b = a. Let r = -55 + 130. Calculate the remainder when r is divided by y.
23
Let o = -68 + 80. Calculate the remainder when 62 is divided by (-312)/(-40) + o/(-15).
6
What is the remainder when 1710/16 - (-241)/1928 is divided by 12?
11
Let f(w) be the second derivative of w**4/4 + 11*w**3/3 + 37*w**2/2 - w + 19. Calculate the remainder when 157 is divided by f(-8).
51
Let w(r) = -r**2 + 36*r - 60. Let j be w(34). Suppose 0 = 2*p - j, -3*k - k + 3*p + 52 = 0. What is the remainder when 79 is divided by k?
15
Let i = -8387 + 8513. What is the remainder when 519 is divided by i?
15
Let n(i) = -2171*i - 1963. Calculate the remainder when 1575 is divided by n(-1).
119
Suppose p + 12 = 3*z, 3*p + 1 + 19 = 5*z. Suppose 35 = 5*s + 5*i, -z*s - 8*i = -3*i - 27. Calculate the remainder when 64 is divided by s.
0
Let a(q) be the second derivative of -q**5/10 - q**4 + 4*q**3/3 - 3*q**2 - 31*q. Let k be a(-7). What is the remainder when 48 + 9/(k/(-16)) is divided by 9?
8
Let r be 103 + 1/((-1)/(-6)). Let i = r + -83. What is the remainder when i is divided by 1 + (0 - -1) + 5?
5
Let m(t) = -13*t - 917. Let a(n) = n + 1. Let f(c) = -c**2 + 8*c + 8. Let z(h) = 24*a(h) - 3*f(h). Calculate the remainder when z(3) is divided by m(-71).
3
Let h = 2 + -5. Suppose 0 = 43*l - 6*l + 38*l - 4875. What is the remainder when l is divided by -3*h/18*34?
14
Suppose -o = d + 3*d - 367, d = 2*o - 761. What is the remainder when o is divided by (-4)/(-14) - (-14 - 1140/28)?
49
Suppose 42*i - 44*i = a - 295, i + 5*a = 125. Calculate the remainder when 640 is divided by i.
40
Suppose f = -f - 10. Suppose -5*c - 45 = 5*n - 290, 225 = 5*n - 5*c. What is the remainder when (-5889)/(-65) + (-2)/f is divided by n?
44
Let k(o) = 6*o**2 + 6*o - 39. Let j be k(6). Let p = -180 + j. What is the remainder when 195 is divided by p?
30
Suppose 6*d - 485 = 7*d. Let j = d - -683. Let v = j + -35. What is the remainder when v is divided by 33?
31
Let f(w) = -21 + 2*w - 8*w**3 + 12*w**2 + 7 + 4*w**3 + 5*w**3. What is the remainder when f(6) is divided by 54?
52
Let z = -369 + 392. Calculate the remainder when 1 + -2 + -2 - (-17 - 28) is divided by z.
19
Suppose -57*y + 52*y - 75 = 0. Let s(n) = n**3 + 12*n**2 - 52*n - 9. Calculate the remainder when 374 is divided by s(y).
86
Suppose -2*a - 2*u + 114 = 0, -16*a + 19*a - 169 = -5*u. Suppose -2*f + 106 + a = 0. Calculate the remainder when f is divided by 12.
10
Let t be -2 + (-105)/3 + 2. Let f be 847/11 + 6/2*1. Let p = f + t. Calculate the remainder when 130 is divided by p.
40
Suppose 635 - 93 = 60*k - 178. What is the remainder when k is divided by (0 - -1)*1 + 9?
2
Let c = 724 + -693. Let h(t) = 18*t - 37. Calculate the remainder when h(7) is divided by c.
27
Let c(j) be the first derivative of 13*j + j**2 + 17*j - 2 - 5 - 7*j. What is the remainder when c(-8) is divided by 3?
1
Let d be (3/(-2))/((-2)/112). Suppose -7*k + 3*k + 3*t = -336, 5*t = -k + d. Calculate the remainder when k is divided by ((-232)/20)/((-10)/25).
26
Suppose -99*o + 96*o = -4*f + 147, 5*o = 3*f - 102. Let u = 4 - -11. Calculate the remainder when f is divided by u.
9
Suppose -12*o = -103 - 246 - 47. What is the remainder when 90 is divided by o?
24
Suppose 0 = 4*o + 4*o - 128. Suppose 0 = x - 5 - o. Suppose -x - 14 = -5*s. Calculate the remainder when 33 is divided by s.
5
What is the remainder when -1*1*(-1)/((-28)/(-4900)) is divided by 60?
55
Suppose -12 = -6*z + 12. Let s(y) = -16 + y**2 + 5*y + y**2 + 4*y. What is the remainder when s(z) is divided by 28?
24
Let m = 40 - 22. Suppose 13469 = -3263*t - 7820 + 115916. What is the remainder when t is divided by m?
11
Suppose 172*q = 37*q + 9045. What is the remainder when q is divided by 42?
25
Let c = -51 + 63. Let m = -205 - -306. Let k = 103 - m. Calculate the remainder when c is divided by k.
0
Suppose 912*s - 935*s + 2898 = 0. What is the remainder when s is divided by 90?
36
Let m = 577 + -344. Let g = 271 - m. Calculate the remainder when 150 is divided by g.
36
Suppose 243672 = 178*s - 112*s. Calculate the remainder when s is divided by 14.
10
Let o(w) = -w**3 + 13*w**2 + 19. Calculate the remainder when o(10) is divided by 118.
83
Let t(h) = h**2 - 9*h + 1 + 9 + 1 - 3. Let c(i) = i**2 - 9*i + 7. Let y(q) = -2*c(q) + 3*t(q). Calculate the remainder when y(-5) is divided by 42.
38
Let s(l) = 76*l**2 - 2*l + 1. Let k(w) = -30*w + 133. What is the remainder when s(1) is divided by k(4)?
10
Suppose 2*z = -6*z + 56. Suppose -z*s + 4*s = -123. Suppose 2*r + 7 = 2*i - 15, s = 3*i + r. What is the remainder when 37 is divided by i?
11
Let x(q) = q**3 + 5. Let w(s) = -19*s**3 + 2*s**2 + 109*s + 109. Calculate the remainder when w(-1) is divided by x(0).
1
Let n(d) = d**3 + 16*d**2 - 19*d + 23. Calculate the remainder when n(-17) is divided by ((-3)/(-15))/1 + (-984)/(-205).
2
Let d be (3 + -1)*75/20*-2. Suppose 4*a - 4*z - 68 = 32, -4*z - 20 = 0. Let b = a + d. What is the remainder when 8 is divided by b?
3
Let h(s) = -s**3 + 12*s**2 + 167*s + 7. What is the remainder when 601 is divided by h(20)?
13
Suppose -11*l = -40*l + 232. Calculate the remainder when 54 is divided by l/(-112) - (-394)/28.
12
Let c(b) = 699*b**2 - 22*b - 7. Calculate the remainder when c(-2) is divided by 5.
3
Let s(m) = -31*m - 102. Let f(c) = 31*c + 98. Let h(q) = 2*f(q) + 3*s(q). What is the remainder when 166 is divided by h(-4)?
12
Suppose 5*m = 4*i - 266, -88*i + 246 = -84*i + 5*m. What is the remainder when 664 is divided by i?
24
What is the remainder when 173 is divided by 5/(-5)*-29 + 2?
18
Calculate the remainder when 2/24 + (14577/36 - (-17 + 4)) is divided by 49.
26
Suppose 9*s + 12472 = 43*s - 1434. What is the remainder when s is divided by 31?
6
Suppose 3*g + 54 = 4*p - 55, 4*g + 101 = 3*p. Let h be 3 - 1 - (0 + 0). Suppose 0 = 6*d - h*d - 144. What is the remainder when d is divided by p?
17
Let g = 19 + -21. Suppose -7*x + 21 = -14. What is the remainder when x is divided by ((-3)/(-42)*g)/(4/(-28))?
0
Let w = -12527 - -12546. Let r be (-6)/(-9)*(-366)/4. Let u = r - -128. Calculate the remainder when u is divided by w.
10
Suppose -63*d - 40*d = -59511 - 127537. Calculate the remainder when d is divided by 79.
78
Let x = -24 - -379. Let d = x - 227. What is the remainder when d is divided by 45?
38
Calculate the remainder when 1828 is divided by ((-3740)/(-70) - 16/(-28)) + 7.
59
Suppose 0 = -3*j, 3*s + 1 - 7 = -2*j. Suppose c - n - s*n - 14 = 0, 0 = -4*c + 5*n + 63. What is the remainder when 152 is divided by c?
16
Let y = 10 + -2. Suppose -y*d + 33 + 15 = 0. What is the remainder when 22 is divided by d - (-3 - -3)/(-2)?
4
Let s = -87 + 89. Let q(d) = 3*d**2 + 65 - 67 - 18*d - s*d**2. Calculate the remainder when q(23) is divided by 23.
21
Let y = 24461 - 24294. What is the remainder when y is divided by 35?
27
Let v = -842 + 857. Let m = -267 - -384. Calculate the remainder when m is divided by v.
12
Let p = 12895 + -12881. What is the remainder when (8/10)/(2/130) is divided by p?
10
Let g(z) = -z**3 - 34*z**2 + 37*z + 82. Let a be g(-35). Calculate the remainder when 563 is divided by (-63)/(-36)*7 + (-3)/a.
11
Suppose 2*f - 5*t - 27 = 0, 4*t = 3*f + t - 18. Let g(x) = 2*x + 1. Suppose p + 0*p - 6 = 0. What is the remainder when p is divided by g(f)?
0
Let m(s) = 19*s**3 - 5*s**2 + 52*s - 217. Calculate the remainder when m(6) is divided by 134.
133
Suppose 3500 = 15*p + 10*p. Let a = p + -136. What is the remainder when 9 is divided by a?
1
Let a(k) = -k**2 - 7*k - 8. Let n be a(-5). Calculate the remainder when 88 is divided by 3 + -1*(n - 9).
8
Suppose -2*x = 4*x - 30, -1645 = -5*i - 3*x. What is the remainder when i is divided by 147?
32
Suppose 0 = 4*h + 5*k - 163, -2*k - 2 = -0*k. Let z be (7 + 1)*(150 - -17). Suppose 0 = 11*b - 3*b - z. What is the remainder when b is divided by h?
41
Let n(o) = -2*o**2 + 28*o - 12. Let l be n(14). Calculate the remainder when (l - -14)*23*(-22)/(-4) is divided by 16.
13
Let b(u) = -u**3 + 18*u**2 + 13*u - 1. Let i be ((-48)/(-14))/(12/42). Let p be b(i). Suppose 316 = -19*l + p. Calculate the remainder when l is divided by 20.
17
Let w =